{"id":99,"date":"2023-07-08T09:40:11","date_gmt":"2023-07-08T09:40:11","guid":{"rendered":"https:\/\/ilkweb.bilkent.edu.tr\/?page_id=99"},"modified":"2025-10-22T06:40:47","modified_gmt":"2025-10-22T06:40:47","slug":"moodle","status":"publish","type":"page","link":"https:\/\/ilkweb.bilkent.edu.tr\/index.php\/moodle\/","title":{"rendered":"Moodle"},"content":{"rendered":"<p>Moodle sayfam\u0131z i\u00e7in l\u00fctfen <a href=\"https:\/\/moodle.bilkent.edu.tr\/obi\/2025-2026\/login\/index.php\" target=\"_blank\" rel=\"noopener\">TIKLAYINIZ.<\/a><\/p>\n<p>T\u00fcrk\u00e7e Moodle kullan\u0131m klavuzu i\u00e7in <a href=\"..\/..\/forms\/moodletr.pdf\" target=\"_blank\" rel=\"noopener\">TIKLAYINIZ.<\/a><\/p>\n<p>\u0130ngilizce Moodle kullan\u0131m klavuzu i\u00e7in <a href=\"..\/..\/forms\/moodleng.pdf\" target=\"_blank\" rel=\"noopener\">TIKLAYINIZ.<\/a><\/p>\n","protected":false},"excerpt":{"rendered":"<p>Moodle sayfam\u0131z i\u00e7in l\u00fctfen TIKLAYINIZ. T\u00fcrk\u00e7e Moodle kullan\u0131m klavuzu i\u00e7in TIKLAYINIZ. \u0130ngilizce Moodle kullan\u0131m klavuzu i\u00e7in TIKLAYINIZ.<\/p>\n","protected":false},"author":1,"featured_media":0,"parent":0,"menu_order":0,"comment_status":"closed","ping_status":"closed","template":"","meta":[],"_links":{"self":[{"href":"https:\/\/ilkweb.bilkent.edu.tr\/index.php\/wp-json\/wp\/v2\/pages\/99"}],"collection":[{"href":"https:\/\/ilkweb.bilkent.edu.tr\/index.php\/wp-json\/wp\/v2\/pages"}],"about":[{"href":"https:\/\/ilkweb.bilkent.edu.tr\/index.php\/wp-json\/wp\/v2\/types\/page"}],"author":[{"embeddable":true,"href":"https:\/\/ilkweb.bilkent.edu.tr\/index.php\/wp-json\/wp\/v2\/users\/1"}],"replies":[{"embeddable":true,"href":"https:\/\/ilkweb.bilkent.edu.tr\/index.php\/wp-json\/wp\/v2\/comments?post=99"}],"version-history":[{"count":4,"href":"https:\/\/ilkweb.bilkent.edu.tr\/index.php\/wp-json\/wp\/v2\/pages\/99\/revisions"}],"predecessor-version":[{"id":558,"href":"https:\/\/ilkweb.bilkent.edu.tr\/index.php\/wp-json\/wp\/v2\/pages\/99\/revisions\/558"}],"wp:attachment":[{"href":"https:\/\/ilkweb.bilkent.edu.tr\/index.php\/wp-json\/wp\/v2\/media?parent=99"}],"curies":[{"name":"wp","href":"https:\/\/api.w.org\/{rel}","templated":true}]}}