{"id":90,"date":"2023-07-08T09:37:51","date_gmt":"2023-07-08T09:37:51","guid":{"rendered":"https:\/\/ilkweb.bilkent.edu.tr\/?page_id=90"},"modified":"2025-01-21T10:53:48","modified_gmt":"2025-01-21T10:53:48","slug":"ilkokul-kutuphanemiz","status":"publish","type":"page","link":"https:\/\/ilkweb.bilkent.edu.tr\/index.php\/ilkokul-kutuphanemiz\/","title":{"rendered":"\u0130lkokul K\u00fct\u00fcphanemiz"},"content":{"rendered":"<p align=\"center\"><img decoding=\"async\" loading=\"lazy\" class=\"\" src=\"..\/..\/images\/kutupilk.jpg\" width=\"309\" height=\"199\" \/><img decoding=\"async\" src=\"..\/..\/images\/evriminal.jpg\" width=\"300\" \/><\/p>\n<p style=\"text-align: center;\"><span style=\"font-weight: bolder;\">Evrim MET\u0130N \u0130NAL<\/span><br \/>\nK\u00fct\u00fcphane \u00d6\u011fretmeni<br \/>\n<a href=\"mailto:evrim@bilkent.edu.tr\">evrim@bilkent.edu.tr<\/a><\/p>\n<p>&nbsp;<\/p>\n<p>K\u00fct\u00fcphanemiz b\u00fct\u00fcn materyallerini \u00f6\u011fretmen ve \u00f6\u011frenci istekleri g\u00f6z\u00f6n\u00fcnde tutularak olu\u015fturulan kolleksiyonunu \u201cLibrary of Congress (LC)\u201d s\u0131n\u0131flama sistemine g\u00f6re a\u00e7\u0131k raf sistemiyle kullan\u0131ma sunmaktad\u0131r.<\/p>\n<p>Ana okulu, ilk ve ortaokul ve k\u00fct\u00fcphanesi;<\/p>\n<ul>\n<li>16700 materyali ile geni\u015f bilgi kapasitesine sahip ,<\/li>\n<li>31.075 adet kitap<\/li>\n<li>325 adet CD<\/li>\n<li>368 adet VCD<\/li>\n<li>200 adet DVD<\/li>\n<li>358 adet VHS<\/li>\n<li>20 adet s\u00fcreli yay\u0131n\u0131 ile g\u00fcncelli\u011fini koruyan,<\/li>\n<li>G\u00fcnl\u00fck 2 b\u00fcy\u00fck gazete bulunan bir k\u00fct\u00fcphanedir.<\/li>\n<\/ul>\n<p>Bir konu hakk\u0131nda genel ve kapsaml\u0131 bilgi edinmek i\u00e7in dan\u0131\u015fma koleksiyonumuza ba\u015fvurabilirsiniz. Koleksiyonda;<\/p>\n<p>\u2022 Genel ve \u00f6zel konularda ansiklopediler,<br \/>\n\u2022 \u00c7e\u015fitli konularda s\u00f6zl\u00fckler,<br \/>\n\u2022 Atlaslar,<br \/>\n\u2022 Rehber, katalog, almanak ve y\u0131ll\u0131klar vard\u0131r.<\/p>\n<p>Dan\u0131\u015fma kaynaklar\u0131m\u0131za her an gereksinim duyabilece\u011fi i\u00e7in \u00f6d\u00fcn\u00e7 verilmez. Sadece k\u00fct\u00fcphane i\u00e7inde kullan\u0131labilir.<\/p>\n<p>K\u00fct\u00fcphanemizde \u00f6\u011frencilerimizin sorgulama ve ara\u015ft\u0131rma becerilerini geli\u015ftirmek i\u00e7in veritabanlar\u0131 ve internetten ara\u015ft\u0131rma yapabilecekleri 10 adet bilgisayar\u0131m\u0131z bulunmaktad\u0131r.<\/p>\n<p>T\u00fcrkiye\u2019de ilk defa Bilkent \u00dcniversitesi taraf\u0131ndan kullan\u0131lan \u201cSirsiDynix Symphony\u201d otomasyon sisitemi k\u00fct\u00fcphanemizde de kullan\u0131lmaktad\u0131r.<\/p>\n<p>\u0130DV \u00d6zel Bilkent Ana okulu, \u0130lk ve Ortaokulunda kitab\u0131n, okuman\u0131n ve k\u00fct\u00fcphanelerin ya\u015fam boyu \u00f6nemi ve etkisi \u00f6\u011frencilerimize k\u00fct\u00fcphane \u00f6\u011fretmenleri taraf\u0131ndan verilen \u201cBilgi Okuryazarl\u0131\u011f\u0131\u201d dersleri ile benimsetilmeye \u00e7al\u0131\u015f\u0131lan kavramlard\u0131r.<\/p>\n","protected":false},"excerpt":{"rendered":"<p>Evrim MET\u0130N \u0130NAL K\u00fct\u00fcphane \u00d6\u011fretmeni evrim@bilkent.edu.tr &nbsp; K\u00fct\u00fcphanemiz b\u00fct\u00fcn materyallerini \u00f6\u011fretmen ve \u00f6\u011frenci istekleri g\u00f6z\u00f6n\u00fcnde tutularak olu\u015fturulan kolleksiyonunu \u201cLibrary of Congress (LC)\u201d s\u0131n\u0131flama sistemine g\u00f6re a\u00e7\u0131k raf sistemiyle kullan\u0131ma sunmaktad\u0131r. [&hellip;]<\/p>\n","protected":false},"author":1,"featured_media":0,"parent":0,"menu_order":0,"comment_status":"closed","ping_status":"closed","template":"","meta":[],"_links":{"self":[{"href":"https:\/\/ilkweb.bilkent.edu.tr\/index.php\/wp-json\/wp\/v2\/pages\/90"}],"collection":[{"href":"https:\/\/ilkweb.bilkent.edu.tr\/index.php\/wp-json\/wp\/v2\/pages"}],"about":[{"href":"https:\/\/ilkweb.bilkent.edu.tr\/index.php\/wp-json\/wp\/v2\/types\/page"}],"author":[{"embeddable":true,"href":"https:\/\/ilkweb.bilkent.edu.tr\/index.php\/wp-json\/wp\/v2\/users\/1"}],"replies":[{"embeddable":true,"href":"https:\/\/ilkweb.bilkent.edu.tr\/index.php\/wp-json\/wp\/v2\/comments?post=90"}],"version-history":[{"count":3,"href":"https:\/\/ilkweb.bilkent.edu.tr\/index.php\/wp-json\/wp\/v2\/pages\/90\/revisions"}],"predecessor-version":[{"id":222,"href":"https:\/\/ilkweb.bilkent.edu.tr\/index.php\/wp-json\/wp\/v2\/pages\/90\/revisions\/222"}],"wp:attachment":[{"href":"https:\/\/ilkweb.bilkent.edu.tr\/index.php\/wp-json\/wp\/v2\/media?parent=90"}],"curies":[{"name":"wp","href":"https:\/\/api.w.org\/{rel}","templated":true}]}}