{"id":71,"date":"2023-07-08T09:34:10","date_gmt":"2023-07-08T09:34:10","guid":{"rendered":"https:\/\/ilkweb.bilkent.edu.tr\/?page_id=71"},"modified":"2025-09-01T08:23:49","modified_gmt":"2025-09-01T08:23:49","slug":"bilisim-teknolojileri-ve-yazilim","status":"publish","type":"page","link":"https:\/\/ilkweb.bilkent.edu.tr\/index.php\/bilisim-teknolojileri-ve-yazilim\/","title":{"rendered":"Bili\u015fim Teknolojileri ve Yaz\u0131l\u0131m"},"content":{"rendered":"<p style=\"font-weight: bolder; color: #069;\" align=\"center\">\u201cBilgi \u00e7a\u011f\u0131, bilim ve teknolojideki de\u011fi\u015fimlere ayak uydurmay\u0131 ve katk\u0131da bulunmay\u0131 gerektirir. \u0130\u015fte biz bunu ba\u015fard\u0131k.\u201d<\/p>\n<p align=\"center\">Ay\u015fe Berna T\u00dcRK &#8211; <a href=\"mailto:berna.turk@bilkent.edu.tr\">berna.turk@bilkent.edu.tr<\/a><\/p>\n<p>Bili\u015fim Teknolojileri ve Yaz\u0131l\u0131m z\u00fcmresi olarak okulumuzun misyonunu ger\u00e7ekle\u015ftirmek amac\u0131yla;<\/p>\n<p>\u00d6\u011frencilerimizin kavramsal anlay\u0131\u015f\u0131n temelini olu\u015fturan d\u00fc\u015f\u00fcnme, ara\u015ft\u0131rma, ileti\u015fim, \u00f6z y\u00f6netim ve sosyal becerilerle donat\u0131lm\u0131\u015f \u00f6\u011frenme ortamlar\u0131nda;<\/p>\n<p>\u2022 Web ortam\u0131nda sorgulamaya dayal\u0131, ara\u015ft\u0131rma yapma becerileri kazanabilen,<br \/>\n\u2022 Arad\u0131klar\u0131 bilgiye ula\u015fma, bulduklar\u0131 bilgiyi gereksinimleri do\u011frultusunda di\u011fer programlarla b\u00fct\u00fcnle\u015ftirerek kullanabilme becerileri kazanabilen,<br \/>\n\u2022 Teknoloji kar\u015f\u0131s\u0131nda kendisine g\u00fcvenen, t\u00fcm ara\u015ft\u0131rma ve \u00e7al\u0131\u015fmalar\u0131nda teknolojiyi ya\u015fam\u0131na kolayl\u0131k ve kalite katacak \u015fekilde kullanabilen,<br \/>\n\u2022 Programlama dilleri ve \u00e7al\u0131\u015fma mant\u0131klar\u0131n\u0131 kavrayarak programc\u0131l\u0131k alan\u0131nda giri\u015f seviyesinde \u00e7al\u0131\u015fmalar yapabilen,<br \/>\n\u2022 Yeni teknolojik geli\u015fmeleri takip edebilen ve teknolojiyi do\u011fru ve bilin\u00e7li kullanabilen,<br \/>\n\u2022 Dijital vatanda\u015fl\u0131k kurallar\u0131 \u00e7er\u00e7evesinde hareket edebilen,<\/p>\n<p>bireyler olarak yeti\u015fmesini sa\u011flamak hedefimizdir.<\/p>\n","protected":false},"excerpt":{"rendered":"<p>\u201cBilgi \u00e7a\u011f\u0131, bilim ve teknolojideki de\u011fi\u015fimlere ayak uydurmay\u0131 ve katk\u0131da bulunmay\u0131 gerektirir. \u0130\u015fte biz bunu ba\u015fard\u0131k.\u201d Ay\u015fe Berna T\u00dcRK &#8211; berna.turk@bilkent.edu.tr Bili\u015fim Teknolojileri ve Yaz\u0131l\u0131m z\u00fcmresi olarak okulumuzun misyonunu ger\u00e7ekle\u015ftirmek [&hellip;]<\/p>\n","protected":false},"author":1,"featured_media":0,"parent":0,"menu_order":0,"comment_status":"closed","ping_status":"closed","template":"","meta":[],"_links":{"self":[{"href":"https:\/\/ilkweb.bilkent.edu.tr\/index.php\/wp-json\/wp\/v2\/pages\/71"}],"collection":[{"href":"https:\/\/ilkweb.bilkent.edu.tr\/index.php\/wp-json\/wp\/v2\/pages"}],"about":[{"href":"https:\/\/ilkweb.bilkent.edu.tr\/index.php\/wp-json\/wp\/v2\/types\/page"}],"author":[{"embeddable":true,"href":"https:\/\/ilkweb.bilkent.edu.tr\/index.php\/wp-json\/wp\/v2\/users\/1"}],"replies":[{"embeddable":true,"href":"https:\/\/ilkweb.bilkent.edu.tr\/index.php\/wp-json\/wp\/v2\/comments?post=71"}],"version-history":[{"count":3,"href":"https:\/\/ilkweb.bilkent.edu.tr\/index.php\/wp-json\/wp\/v2\/pages\/71\/revisions"}],"predecessor-version":[{"id":527,"href":"https:\/\/ilkweb.bilkent.edu.tr\/index.php\/wp-json\/wp\/v2\/pages\/71\/revisions\/527"}],"wp:attachment":[{"href":"https:\/\/ilkweb.bilkent.edu.tr\/index.php\/wp-json\/wp\/v2\/media?parent=71"}],"curies":[{"name":"wp","href":"https:\/\/api.w.org\/{rel}","templated":true}]}}

Bilişim Teknolojileri ve Yazılım

<p style="font-weight: bolder; color: #069;" align="center">“Bilgi çağı, bilim ve teknolojideki değişimlere ayak uydurmayı ve katkıda bulunmayı gerektirir. İşte biz bunu başardık.”</p>
<p align="center">Ayşe Berna TÜRK &#8211; <a href="mailto:berna.turk@bilkent.edu.tr">berna.turk@bilkent.edu.tr</a></p>
<p>Bilişim Teknolojileri ve Yazılım zümresi olarak okulumuzun misyonunu gerçekleştirmek amacıyla;</p>
<p>Öğrencilerimizin kavramsal anlayışın temelini oluşturan düşünme, araştırma, iletişim, öz yönetim ve sosyal becerilerle donatılmış öğrenme ortamlarında;</p>
<p>• Web ortamında sorgulamaya dayalı, araştırma yapma becerileri kazanabilen,<br />
• Aradıkları bilgiye ulaşma, buldukları bilgiyi gereksinimleri doğrultusunda diğer programlarla bütünleştirerek kullanabilme becerileri kazanabilen,<br />
• Teknoloji karşısında kendisine güvenen, tüm araştırma ve çalışmalarında teknolojiyi yaşamına kolaylık ve kalite katacak şekilde kullanabilen,<br />
• Programlama dilleri ve çalışma mantıklarını kavrayarak programcılık alanında giriş seviyesinde çalışmalar yapabilen,<br />
• Yeni teknolojik gelişmeleri takip edebilen ve teknolojiyi doğru ve bilinçli kullanabilen,<br />
• Dijital vatandaşlık kuralları çerçevesinde hareket edebilen,</p>
<p>bireyler olarak yetişmesini sağlamak hedefimizdir.</p>

<p>“Bilgi çağı, bilim ve teknolojideki değişimlere ayak uydurmayı ve katkıda bulunmayı gerektirir. İşte biz bunu başardık.” Ayşe Berna TÜRK &#8211; berna.turk@bilkent.edu.tr Bilişim Teknolojileri ve Yazılım zümresi olarak okulumuzun misyonunu gerçekleştirmek [&hellip;]</p>
