{"id":43,"date":"2023-07-08T09:29:48","date_gmt":"2023-07-08T09:29:48","guid":{"rendered":"https:\/\/ilkweb.bilkent.edu.tr\/?page_id=43"},"modified":"2025-12-05T08:37:35","modified_gmt":"2025-12-05T08:37:35","slug":"1-siniflar","status":"publish","type":"page","link":"https:\/\/ilkweb.bilkent.edu.tr\/index.php\/1-siniflar\/","title":{"rendered":"1. S\u0131n\u0131flar"},"content":{"rendered":"<p><img decoding=\"async\" loading=\"lazy\" class=\"aligncenter\" src=\"https:\/\/www.ilkweb.bilkent.edu.tr\/images\/zumre\/1siniflar.jpg\" width=\"504\" height=\"378\" \/><\/p>\n<p style=\"font-weight: bolder; color: #069;\" align=\"center\">&#8220;\u0130yi bir \u00f6\u011fretmen kendisini yava\u015f yava\u015f gereksiz k\u0131labilen insand\u0131r.&#8221; &#8211; T.J.Carruthers<\/p>\n<p style=\"text-align: center;\">Adil Mert \u00d6ZDEM\u0130R &#8211; <a href=\"mailto:mert.ozdemir@bilkent.edu.tr\">mert.ozdemir@bilkent.edu.tr<\/a><br \/>\nNurcan \u00dcST\u00dcN &#8211; <a href=\"mailto:nurcan.ustun@bilkent.edu.tr\">nurcan.ustun@bilkent.edu.tr<\/a><br \/>\nPelin DEM\u0130RT\u00dcRK &#8211; <a href=\"mailto:bankoglu@bilkent.edu.tr\">bankoglu@bilkent.edu.tr<\/a><br \/>\nT\u00fclin KORKMAZ &#8211; <a href=\"mailto:tulin.korkmaz@bilkent.edu.tr\">tulin.korkmaz@bilkent.edu.tr<\/a><br \/>\nElif K\u00d6KSAL &#8211;<strong><a href=\"mailto:elif.koksal@bilkent.edu.tr\">elif.koksal@bilkent.edu.tr<\/a><\/strong><\/p>\n","protected":false},"excerpt":{"rendered":"<p>&#8220;\u0130yi bir \u00f6\u011fretmen kendisini yava\u015f yava\u015f gereksiz k\u0131labilen insand\u0131r.&#8221; &#8211; T.J.Carruthers Adil Mert \u00d6ZDEM\u0130R &#8211; mert.ozdemir@bilkent.edu.tr Nurcan \u00dcST\u00dcN &#8211; nurcan.ustun@bilkent.edu.tr Pelin DEM\u0130RT\u00dcRK &#8211; bankoglu@bilkent.edu.tr T\u00fclin KORKMAZ &#8211; tulin.korkmaz@bilkent.edu.tr Elif K\u00d6KSAL [&hellip;]<\/p>\n","protected":false},"author":1,"featured_media":0,"parent":0,"menu_order":0,"comment_status":"closed","ping_status":"closed","template":"","meta":[],"_links":{"self":[{"href":"https:\/\/ilkweb.bilkent.edu.tr\/index.php\/wp-json\/wp\/v2\/pages\/43"}],"collection":[{"href":"https:\/\/ilkweb.bilkent.edu.tr\/index.php\/wp-json\/wp\/v2\/pages"}],"about":[{"href":"https:\/\/ilkweb.bilkent.edu.tr\/index.php\/wp-json\/wp\/v2\/types\/page"}],"author":[{"embeddable":true,"href":"https:\/\/ilkweb.bilkent.edu.tr\/index.php\/wp-json\/wp\/v2\/users\/1"}],"replies":[{"embeddable":true,"href":"https:\/\/ilkweb.bilkent.edu.tr\/index.php\/wp-json\/wp\/v2\/comments?post=43"}],"version-history":[{"count":8,"href":"https:\/\/ilkweb.bilkent.edu.tr\/index.php\/wp-json\/wp\/v2\/pages\/43\/revisions"}],"predecessor-version":[{"id":594,"href":"https:\/\/ilkweb.bilkent.edu.tr\/index.php\/wp-json\/wp\/v2\/pages\/43\/revisions\/594"}],"wp:attachment":[{"href":"https:\/\/ilkweb.bilkent.edu.tr\/index.php\/wp-json\/wp\/v2\/media?parent=43"}],"curies":[{"name":"wp","href":"https:\/\/api.w.org\/{rel}","templated":true}]}}