{"id":381,"date":"2025-01-23T11:37:31","date_gmt":"2025-01-23T11:37:31","guid":{"rendered":"https:\/\/ilkweb.bilkent.edu.tr\/?page_id=381"},"modified":"2025-01-23T11:37:31","modified_gmt":"2025-01-23T11:37:31","slug":"velilerimiz-icin","status":"publish","type":"page","link":"https:\/\/ilkweb.bilkent.edu.tr\/index.php\/velilerimiz-icin\/","title":{"rendered":"Velilerimiz \u0130\u00e7in"},"content":{"rendered":"<p><span style=\"font-weight: bolder; color: #00f;\">\u00c7OCUKLAR, ERGENLER VE TER\u00d6R<\/span> &#8211; Okumak i\u00e7in l\u00fctfen <a href=\"..\/..\/pdr\/CocuklarErgenlerTeror.pdf\" target=\"_blank\" rel=\"noopener\">TIKLAYINIZ.<\/a><\/p>\n<p><span style=\"font-weight: bolder; color: #00f;\">D\u0130KKAT<\/span> &#8211; Okumak i\u00e7in l\u00fctfen <a href=\"..\/..\/pdr\/Dikkat.pdf\" target=\"_blank\" rel=\"noopener\">TIKLAYINIZ.<\/a><\/p>\n<p><span style=\"font-weight: bolder; color: #00f;\">EBEVEYN-\u00c7OCUK G\u00dc\u00c7 M\u00dcCADELES\u0130<\/span> &#8211; Okumak i\u00e7in l\u00fctfen <a href=\"..\/..\/pdr\/GucMucadelesi.pdf\" target=\"_blank\" rel=\"noopener\">TIKLAYINIZ.<\/a><\/p>\n<p><span style=\"font-weight: bolder; color: #00f;\">K\u00d6T\u00dc D\u00dcNYA SENDROMU<\/span> &#8211; Okumak i\u00e7in l\u00fctfen <a href=\"..\/..\/pdr\/KotuDunyaSendromu.pdf\" target=\"_blank\" rel=\"noopener\">TIKLAYINIZ.<\/a><\/p>\n<p><span style=\"font-weight: bolder; color: #00f;\">MOT\u0130VASYON<\/span> &#8211; Okumak i\u00e7in l\u00fctfen <a href=\"..\/..\/pdr\/Motivasyon.pdf\" target=\"_blank\" rel=\"noopener\">TIKLAYINIZ.<\/a><\/p>\n<p><span style=\"font-weight: bolder; color: #00f;\">SORUNUMU \u00c7\u00d6ZME, YARDIM ET !<\/span> &#8211; Okumak i\u00e7in l\u00fctfen <a href=\"..\/..\/pdr\/SorunumuCozmeYardimEt.pdf\" target=\"_blank\" rel=\"noopener\">TIKLAYINIZ.<\/a><\/p>\n<p><span style=\"font-weight: bolder; color: #00f;\">OKULA UYUM S\u00dcREC\u0130<\/span> &#8211; Okumak i\u00e7in l\u00fctfen <a href=\"..\/..\/forms\/pdryazi3.pdf\" target=\"_blank\" rel=\"noopener\">TIKLAYINIZ.<\/a><\/p>\n<p><span style=\"font-weight: bolder; color: #00f;\">\u00c7OCUKLARA SINIRLAR VE KURALLAR KOYMADA EBEVEYNLER\u0130N SORUMLULU\u011eU<\/span> &#8211; Okumak i\u00e7in l\u00fctfen <a href=\"..\/..\/forms\/sinirlar.pdf\" target=\"_blank\" rel=\"noopener\">TIKLAYINIZ.<\/a><\/p>\n<p><span style=\"font-weight: bolder; color: #00f;\">\u00c7OCUKLARDA \u201cSORUMLULUK DUYGUSU\u201dNU GEL\u0130\u015eT\u0130RMEDE ANNE BABALARIN ROL\u00dc<\/span> &#8211; Okumak i\u00e7in l\u00fctfen <a href=\"..\/..\/forms\/sorumluluk.pdf\" target=\"_blank\" rel=\"noopener\">TIKLAYINIZ.<\/a><\/p>\n<p><span style=\"font-weight: bolder; color: #00f;\">\u201cANNE &#8211; BABA TUTUMLARI&#8221;<\/span> &#8211; Okumak i\u00e7in l\u00fctfen <a href=\"..\/..\/forms\/annebabatutum.pdf\" target=\"_blank\" rel=\"noopener\">TIKLAYINIZ.<\/a><\/p>\n<p><span style=\"font-weight: bolder; color: #00f;\">\u201cPROBLEM \u00c7\u00d6ZMEDE POZ\u0130T\u0130F YAKLA\u015eIMLAR&#8221;<\/span> &#8211; Okumak i\u00e7in l\u00fctfen <a href=\"..\/..\/forms\/problemcozme.pdf\" target=\"_blank\" rel=\"noopener\">TIKLAYINIZ.<\/a><\/p>\n<p><span style=\"font-weight: bolder; color: #00f;\">\u00c7OCUKLARDA \u00d6FKE KONTROL\u00dc<\/span> &#8211; Okumak i\u00e7in l\u00fctfen <a href=\"..\/..\/forms\/PDROfke.pdf\" target=\"_blank\" rel=\"noopener\">TIKLAYINIZ.<\/a><\/p>\n<p><span style=\"font-weight: bolder; color: #00f;\">YAZ TAT\u0130L\u0130 GEL\u0130RKEN<\/span> &#8211; Okumak i\u00e7in l\u00fctfen <a href=\"..\/..\/forms\/pdryaztatili.pdf\" target=\"_blank\" rel=\"noopener\">TIKLAYINIZ.<\/a><\/p>\n","protected":false},"excerpt":{"rendered":"<p>\u00c7OCUKLAR, ERGENLER VE TER\u00d6R &#8211; Okumak i\u00e7in l\u00fctfen TIKLAYINIZ. D\u0130KKAT &#8211; Okumak i\u00e7in l\u00fctfen TIKLAYINIZ. EBEVEYN-\u00c7OCUK G\u00dc\u00c7 M\u00dcCADELES\u0130 &#8211; Okumak i\u00e7in l\u00fctfen TIKLAYINIZ. K\u00d6T\u00dc D\u00dcNYA SENDROMU &#8211; Okumak i\u00e7in l\u00fctfen [&hellip;]<\/p>\n","protected":false},"author":1,"featured_media":0,"parent":0,"menu_order":0,"comment_status":"closed","ping_status":"closed","template":"","meta":[],"_links":{"self":[{"href":"https:\/\/ilkweb.bilkent.edu.tr\/index.php\/wp-json\/wp\/v2\/pages\/381"}],"collection":[{"href":"https:\/\/ilkweb.bilkent.edu.tr\/index.php\/wp-json\/wp\/v2\/pages"}],"about":[{"href":"https:\/\/ilkweb.bilkent.edu.tr\/index.php\/wp-json\/wp\/v2\/types\/page"}],"author":[{"embeddable":true,"href":"https:\/\/ilkweb.bilkent.edu.tr\/index.php\/wp-json\/wp\/v2\/users\/1"}],"replies":[{"embeddable":true,"href":"https:\/\/ilkweb.bilkent.edu.tr\/index.php\/wp-json\/wp\/v2\/comments?post=381"}],"version-history":[{"count":1,"href":"https:\/\/ilkweb.bilkent.edu.tr\/index.php\/wp-json\/wp\/v2\/pages\/381\/revisions"}],"predecessor-version":[{"id":382,"href":"https:\/\/ilkweb.bilkent.edu.tr\/index.php\/wp-json\/wp\/v2\/pages\/381\/revisions\/382"}],"wp:attachment":[{"href":"https:\/\/ilkweb.bilkent.edu.tr\/index.php\/wp-json\/wp\/v2\/media?parent=381"}],"curies":[{"name":"wp","href":"https:\/\/api.w.org\/{rel}","templated":true}]}}