{"id":353,"date":"2025-01-22T12:31:36","date_gmt":"2025-01-22T12:31:36","guid":{"rendered":"https:\/\/ilkweb.bilkent.edu.tr\/?page_id=353"},"modified":"2025-01-22T12:31:36","modified_gmt":"2025-01-22T12:31:36","slug":"olcme-ve-degerlendirme-9","status":"publish","type":"page","link":"https:\/\/ilkweb.bilkent.edu.tr\/index.php\/olcme-ve-degerlendirme-9\/","title":{"rendered":"\u00d6l\u00e7me ve De\u011ferlendirme"},"content":{"rendered":"<p>De\u011ferlendirme yap\u0131l\u0131rken \u00f6\u011frenci \u00e7al\u0131\u015fmalar\u0131nda iyi taraflar g\u00f6sterilerek motive etmek,<\/p>\n<p>\u00d6\u011frencinin geli\u015fim s\u00fcrecini takip ederek, ilk ve son resim aras\u0131ndaki fark\u0131 \u00f6\u011frenciyle birlikte de\u011ferlendirerek, kendi \u00f6\u011frenme s\u00fcre\u00e7lerini de\u011ferlendirmesini sa\u011flamak,<\/p>\n<p>\u00d6\u011frenci eserlerini birbirleriyle k\u0131yaslamadan, \u00f6\u011frencinin derslere kat\u0131lmas\u0131, \u00e7abas\u0131 esas al\u0131narak, \u00f6\u011frenci merkezli de\u011ferlendirmek,<\/p>\n<p>\u00d6\u011frencilerde, derslerin ama\u00e7lar\u0131 hakk\u0131nda bilin\u00e7 olu\u015fturarak; kendisini de\u011ferlendirirken, arkada\u015flar\u0131n\u0131 da de\u011ferlendirme f\u0131rsat\u0131 tan\u0131mak,<\/p>\n<p>\u00d6\u011frencinin geli\u015fimini fark etmesi, kendini tan\u0131mas\u0131 i\u00e7in g\u00f6rsel g\u00fcnl\u00fck tutturmak ve bu \u00e7al\u0131\u015fmalar\u0131n\u0131 sistemli olarak takip etmek,<\/p>\n<p>\u00dcnite s\u00fcrecinde ya da sonunda bi\u00e7imlendirici de\u011ferlendirme formlar\u0131ndan yararlanmak,<\/p>\n<p>1.ve 2. d\u00f6nem \u00f6\u011frenci hakk\u0131nda ders i\u00e7i s\u00fcre\u00e7 formu tutarak, veliyi bilgilendirmek,<\/p>\n<p>B\u00f6l\u00fcm olarak; \u00e7ift dilli haz\u0131rlanan \u00f6z de\u011ferlendirme, grup de\u011ferlendirme, \u00fcr\u00fcn de\u011ferlendirme, sergi de\u011ferlendirme, eser inceleme formlar\u0131n\u0131 baz alarak etkinli\u011fin i\u00e7eri\u011fine g\u00f6re sorular ekleyerek ya da \u00e7\u0131kararak kullanmak.<\/p>\n","protected":false},"excerpt":{"rendered":"<p>De\u011ferlendirme yap\u0131l\u0131rken \u00f6\u011frenci \u00e7al\u0131\u015fmalar\u0131nda iyi taraflar g\u00f6sterilerek motive etmek, \u00d6\u011frencinin geli\u015fim s\u00fcrecini takip ederek, ilk ve son resim aras\u0131ndaki fark\u0131 \u00f6\u011frenciyle birlikte de\u011ferlendirerek, kendi \u00f6\u011frenme s\u00fcre\u00e7lerini de\u011ferlendirmesini sa\u011flamak, \u00d6\u011frenci eserlerini [&hellip;]<\/p>\n","protected":false},"author":1,"featured_media":0,"parent":0,"menu_order":0,"comment_status":"closed","ping_status":"closed","template":"","meta":[],"_links":{"self":[{"href":"https:\/\/ilkweb.bilkent.edu.tr\/index.php\/wp-json\/wp\/v2\/pages\/353"}],"collection":[{"href":"https:\/\/ilkweb.bilkent.edu.tr\/index.php\/wp-json\/wp\/v2\/pages"}],"about":[{"href":"https:\/\/ilkweb.bilkent.edu.tr\/index.php\/wp-json\/wp\/v2\/types\/page"}],"author":[{"embeddable":true,"href":"https:\/\/ilkweb.bilkent.edu.tr\/index.php\/wp-json\/wp\/v2\/users\/1"}],"replies":[{"embeddable":true,"href":"https:\/\/ilkweb.bilkent.edu.tr\/index.php\/wp-json\/wp\/v2\/comments?post=353"}],"version-history":[{"count":1,"href":"https:\/\/ilkweb.bilkent.edu.tr\/index.php\/wp-json\/wp\/v2\/pages\/353\/revisions"}],"predecessor-version":[{"id":354,"href":"https:\/\/ilkweb.bilkent.edu.tr\/index.php\/wp-json\/wp\/v2\/pages\/353\/revisions\/354"}],"wp:attachment":[{"href":"https:\/\/ilkweb.bilkent.edu.tr\/index.php\/wp-json\/wp\/v2\/media?parent=353"}],"curies":[{"name":"wp","href":"https:\/\/api.w.org\/{rel}","templated":true}]}}

Ölçme ve Değerlendirme

<p>Değerlendirme yapılırken öğrenci çalışmalarında iyi taraflar gösterilerek motive etmek,</p>
<p>Öğrencinin gelişim sürecini takip ederek, ilk ve son resim arasındaki farkı öğrenciyle birlikte değerlendirerek, kendi öğrenme süreçlerini değerlendirmesini sağlamak,</p>
<p>Öğrenci eserlerini birbirleriyle kıyaslamadan, öğrencinin derslere katılması, çabası esas alınarak, öğrenci merkezli değerlendirmek,</p>
<p>Öğrencilerde, derslerin amaçları hakkında bilinç oluşturarak; kendisini değerlendirirken, arkadaşlarını da değerlendirme fırsatı tanımak,</p>
<p>Öğrencinin gelişimini fark etmesi, kendini tanıması için görsel günlük tutturmak ve bu çalışmalarını sistemli olarak takip etmek,</p>
<p>Ünite sürecinde ya da sonunda biçimlendirici değerlendirme formlarından yararlanmak,</p>
<p>1.ve 2. dönem öğrenci hakkında ders içi süreç formu tutarak, veliyi bilgilendirmek,</p>
<p>Bölüm olarak; çift dilli hazırlanan öz değerlendirme, grup değerlendirme, ürün değerlendirme, sergi değerlendirme, eser inceleme formlarını baz alarak etkinliğin içeriğine göre sorular ekleyerek ya da çıkararak kullanmak.</p>

<p>Değerlendirme yapılırken öğrenci çalışmalarında iyi taraflar gösterilerek motive etmek, Öğrencinin gelişim sürecini takip ederek, ilk ve son resim arasındaki farkı öğrenciyle birlikte değerlendirerek, kendi öğrenme süreçlerini değerlendirmesini sağlamak, Öğrenci eserlerini [&hellip;]</p>
