{"id":351,"date":"2025-01-22T12:31:00","date_gmt":"2025-01-22T12:31:00","guid":{"rendered":"https:\/\/ilkweb.bilkent.edu.tr\/?page_id=351"},"modified":"2025-01-22T12:31:00","modified_gmt":"2025-01-22T12:31:00","slug":"yontem-ve-tekniklerimiz-9","status":"publish","type":"page","link":"https:\/\/ilkweb.bilkent.edu.tr\/index.php\/yontem-ve-tekniklerimiz-9\/","title":{"rendered":"Y\u00f6ntem ve Tekniklerimiz"},"content":{"rendered":"<p>G\u00f6rsel Sanatlar dersinde, \u00fcnitelerin \u00f6ng\u00f6rd\u00fc\u011f\u00fc kazan\u0131mlarla uyumlu olarak; g\u00f6zlemleyerek, deneyerek, yaparak, ya\u015fayarak, yaratarak \u00f6\u011frenmeyi esas alan e\u011fitim modelleri kullanmak,<\/p>\n<p>Grup \u00e7al\u0131\u015fmalar\u0131 ile desteklenen \u00f6\u011frenme ortam ve alanlar\u0131 olu\u015fturmak,<\/p>\n<p>Bu s\u00fcre\u00e7te; anlat\u0131m, beyin f\u0131rt\u0131nas\u0131, rol yapma, tart\u0131\u015fma, \u00f6rnek-olay y\u00f6ntemi, ara\u015ft\u0131rma, soru-cevap, g\u00f6sterip yapt\u0131rma, tart\u0131\u015fma, analiz-sentez, g\u00f6r\u00fc\u015fme, uygulama, g\u00f6zlem ve inceleme, gezi g\u00f6zlem y\u00f6ntemi (m\u00fcze gezisi, resim, heykel, foto\u011fraf sergileri, sanat\u00e7\u0131 at\u00f6lyesi gezileri), bulmaca, yarat\u0131c\u0131 yazma, zihin haritas\u0131, m\u00fczikli, drama ve bilginin payla\u015f\u0131lmas\u0131 gibi y\u00f6ntemler kullanarak, tam \u00f6\u011frenmeyi sa\u011flamak.<\/p>\n<p>Karakalem, pastel, sulu, guaj, akrilik ve parmak boya, ke\u00e7e u\u00e7lu renkli kalemler, kolay bask\u0131 teknikleri (ip, patates, \u015fablon, parmak, el, strafor, ka\u011f\u0131t, s\u00fcnger), rekreasyon (at\u0131k malzemeleri de\u011ferlendirme, kolaj, asamblaj, kar\u0131\u015f\u0131k teknik, origami, hamur, kil gibi teknikleri kullanmak,<\/p>\n<p>Bu y\u00f6ntem ve tekniklerden yararlanarak; \u00fcnitelerle ba\u011flant\u0131l\u0131, proje bazl\u0131 \u00e7al\u0131\u015fmalar ger\u00e7ekle\u015ftirmek,<\/p>\n<p>Temal\u0131 resimler, imgesel resimler, \u015fematik resimler, karikat\u00fcr, soyutlama, grafik tasar\u0131m, portre, 2 ve 3 boyutlu in\u015fa ve yo\u011furma \u00e7al\u0131\u015fmalar\u0131n\u0131 yapt\u0131rmak,<\/p>\n<p>\u00d6\u011frencilerimizin ya\u015f seviyelerine paralel olarak; kuramsal sanat bilgileri (sanat, sanat\u00e7\u0131, sanat eseri, sanat ak\u0131mlar\u0131, eser inceleme) sanat\u0131n ilke ve elemanlar\u0131n\u0131 tan\u0131tmak ve ipu\u00e7lar\u0131n\u0131 sorgulayarak ke\u015ffetmelerini sa\u011flamak.<\/p>\n","protected":false},"excerpt":{"rendered":"<p>G\u00f6rsel Sanatlar dersinde, \u00fcnitelerin \u00f6ng\u00f6rd\u00fc\u011f\u00fc kazan\u0131mlarla uyumlu olarak; g\u00f6zlemleyerek, deneyerek, yaparak, ya\u015fayarak, yaratarak \u00f6\u011frenmeyi esas alan e\u011fitim modelleri kullanmak, Grup \u00e7al\u0131\u015fmalar\u0131 ile desteklenen \u00f6\u011frenme ortam ve alanlar\u0131 olu\u015fturmak, Bu s\u00fcre\u00e7te; [&hellip;]<\/p>\n","protected":false},"author":1,"featured_media":0,"parent":0,"menu_order":0,"comment_status":"closed","ping_status":"closed","template":"","meta":[],"_links":{"self":[{"href":"https:\/\/ilkweb.bilkent.edu.tr\/index.php\/wp-json\/wp\/v2\/pages\/351"}],"collection":[{"href":"https:\/\/ilkweb.bilkent.edu.tr\/index.php\/wp-json\/wp\/v2\/pages"}],"about":[{"href":"https:\/\/ilkweb.bilkent.edu.tr\/index.php\/wp-json\/wp\/v2\/types\/page"}],"author":[{"embeddable":true,"href":"https:\/\/ilkweb.bilkent.edu.tr\/index.php\/wp-json\/wp\/v2\/users\/1"}],"replies":[{"embeddable":true,"href":"https:\/\/ilkweb.bilkent.edu.tr\/index.php\/wp-json\/wp\/v2\/comments?post=351"}],"version-history":[{"count":1,"href":"https:\/\/ilkweb.bilkent.edu.tr\/index.php\/wp-json\/wp\/v2\/pages\/351\/revisions"}],"predecessor-version":[{"id":352,"href":"https:\/\/ilkweb.bilkent.edu.tr\/index.php\/wp-json\/wp\/v2\/pages\/351\/revisions\/352"}],"wp:attachment":[{"href":"https:\/\/ilkweb.bilkent.edu.tr\/index.php\/wp-json\/wp\/v2\/media?parent=351"}],"curies":[{"name":"wp","href":"https:\/\/api.w.org\/{rel}","templated":true}]}}