{"id":273,"date":"2025-01-22T09:36:15","date_gmt":"2025-01-22T09:36:15","guid":{"rendered":"https:\/\/ilkweb.bilkent.edu.tr\/?page_id=273"},"modified":"2025-01-22T09:36:15","modified_gmt":"2025-01-22T09:36:15","slug":"yontem-ve-tekniklerimiz-2","status":"publish","type":"page","link":"https:\/\/ilkweb.bilkent.edu.tr\/index.php\/yontem-ve-tekniklerimiz-2\/","title":{"rendered":"Y\u00f6ntem ve Tekniklerimiz"},"content":{"rendered":"<p>\u0130DV \u00d6zel Bilkent \u0130lkokulu\u2019nda kullan\u0131lan tek bir y\u00f6ntem ve kitap yoktur. E\u011fitim felsefemiz \u00f6\u011freneni ara\u015ft\u0131ran-sorgulayan, d\u00fc\u015f\u00fcnen bireyler olarak yeti\u015ftirmeyi hedefledi\u011fi i\u00e7in bir dizi kaynak, y\u00f6ntem, stratejiyi kullanmay\u0131 gerektirir. Bu nedenle sorgulama temel olmak \u00fczere \u00f6\u011frenenin ba\u011f\u0131ms\u0131z olmas\u0131 i\u00e7in gerekli t\u00fcm y\u00f6ntem ve teknikler i\u015fe ko\u015fulur. Soru- cevap, ke\u015ffetme, veri toplama, ara\u015ft\u0131rma-inceleme-deney yapma, bir fikri savunma (hipotez olu\u015fturma), tart\u0131\u015fma, sunma, \u00e7e\u015fitli yollarla sorun \u00e7\u00f6zme vb y\u00f6ntem tekniklerle \u00f6\u011fretim ortam\u0131 geli\u015ftirilir. \u00d6\u011fretim ortam\u0131n\u0131n zenginle\u015ftirilmesinin yan\u0131 s\u0131ra \u00f6\u011frenenin bireysel farkl\u0131l\u0131klar\u0131na yan\u0131t vermeyi sa\u011flayan farkl\u0131la\u015ft\u0131rma stratejileriyle \u00f6\u011frencilerin d\u00fczeyinin \u00fcst\u00fcne \u00e7\u0131kmas\u0131 hedeflenir.<\/p>\n","protected":false},"excerpt":{"rendered":"<p>\u0130DV \u00d6zel Bilkent \u0130lkokulu\u2019nda kullan\u0131lan tek bir y\u00f6ntem ve kitap yoktur. E\u011fitim felsefemiz \u00f6\u011freneni ara\u015ft\u0131ran-sorgulayan, d\u00fc\u015f\u00fcnen bireyler olarak yeti\u015ftirmeyi hedefledi\u011fi i\u00e7in bir dizi kaynak, y\u00f6ntem, stratejiyi kullanmay\u0131 gerektirir. Bu nedenle [&hellip;]<\/p>\n","protected":false},"author":1,"featured_media":0,"parent":0,"menu_order":0,"comment_status":"closed","ping_status":"closed","template":"","meta":[],"_links":{"self":[{"href":"https:\/\/ilkweb.bilkent.edu.tr\/index.php\/wp-json\/wp\/v2\/pages\/273"}],"collection":[{"href":"https:\/\/ilkweb.bilkent.edu.tr\/index.php\/wp-json\/wp\/v2\/pages"}],"about":[{"href":"https:\/\/ilkweb.bilkent.edu.tr\/index.php\/wp-json\/wp\/v2\/types\/page"}],"author":[{"embeddable":true,"href":"https:\/\/ilkweb.bilkent.edu.tr\/index.php\/wp-json\/wp\/v2\/users\/1"}],"replies":[{"embeddable":true,"href":"https:\/\/ilkweb.bilkent.edu.tr\/index.php\/wp-json\/wp\/v2\/comments?post=273"}],"version-history":[{"count":1,"href":"https:\/\/ilkweb.bilkent.edu.tr\/index.php\/wp-json\/wp\/v2\/pages\/273\/revisions"}],"predecessor-version":[{"id":274,"href":"https:\/\/ilkweb.bilkent.edu.tr\/index.php\/wp-json\/wp\/v2\/pages\/273\/revisions\/274"}],"wp:attachment":[{"href":"https:\/\/ilkweb.bilkent.edu.tr\/index.php\/wp-json\/wp\/v2\/media?parent=273"}],"curies":[{"name":"wp","href":"https:\/\/api.w.org\/{rel}","templated":true}]}}