{"id":19,"date":"2023-07-08T05:13:33","date_gmt":"2023-07-08T05:13:33","guid":{"rendered":"https:\/\/ilkweb.bilkent.edu.tr\/?page_id=19"},"modified":"2026-01-19T12:11:42","modified_gmt":"2026-01-19T12:11:42","slug":"okul-aile-birligi","status":"publish","type":"page","link":"https:\/\/ilkweb.bilkent.edu.tr\/index.php\/okul-aile-birligi\/","title":{"rendered":"Okul Aile Birli\u011fi"},"content":{"rendered":"<p><strong>SAYIN VEL\u0130LER\u0130M\u0130Z,<\/strong><\/p>\n<p>\u0130hsan Do\u011framac\u0131 Vakf\u0131 \u00d6zel Bilkent \u0130lk ve Ortaokulu Okul Aile Birli\u011fi\u00a009\/02\/2012<strong>\u00a0<\/strong>Resmi Gazetede yay\u0131nlanan\u00a028199 say\u0131l\u0131\u00a0Milli E\u011fitim Bakanl\u0131\u011f\u0131 Okul Aile Birli\u011fi Y\u00f6netmeli\u011fi uyar\u0131nca faaliyetlerini y\u00fcr\u00fctmektedir.<\/p>\n<p>31. D\u00f6nem Okul Aile Birli\u011fi\u2019ne okulumuza verdikleri hizmetler ve \u00f6zverili \u00e7al\u0131\u015fmalar\u0131 i\u00e7in \u00e7ok te\u015fekk\u00fcr ederiz.<\/p>\n<p>32. D\u00f6nem Okul Aile Birli\u011fimiz an\u0131lan Y\u00f6netmelik h\u00fck\u00fcmleri kapsam\u0131nda 22 Ekim 2025 tarihinde ger\u00e7ekle\u015fen Genel Kurulda yap\u0131lan se\u00e7imler sonucunda se\u00e7ilen \u00fcyeleri ile birlikte faaliyetlerine ba\u015flam\u0131\u015ft\u0131r.<\/p>\n<p>G\u00f6rev da\u011f\u0131l\u0131m\u0131 i\u00e7in l\u00fctfen <a href=\"..\/..\/forms\/oabilk.pdf\" target=\"_blank\" rel=\"noopener\">TIKLAYINIZ.<\/a><\/p>\n<p>K\u0131yafet \u00fccretleri ile ilgili <a href=\"mailto:oabilk@bilkent.edu.tr\">oabilk@bilkent.edu.tr<\/a> adresine ileti\u015fime ge\u00e7menizi rica ederiz.<\/p>\n","protected":false},"excerpt":{"rendered":"<p>SAYIN VEL\u0130LER\u0130M\u0130Z, \u0130hsan Do\u011framac\u0131 Vakf\u0131 \u00d6zel Bilkent \u0130lk ve Ortaokulu Okul Aile Birli\u011fi\u00a009\/02\/2012\u00a0Resmi Gazetede yay\u0131nlanan\u00a028199 say\u0131l\u0131\u00a0Milli E\u011fitim Bakanl\u0131\u011f\u0131 Okul Aile Birli\u011fi Y\u00f6netmeli\u011fi uyar\u0131nca faaliyetlerini y\u00fcr\u00fctmektedir. 31. D\u00f6nem Okul Aile Birli\u011fi\u2019ne [&hellip;]<\/p>\n","protected":false},"author":1,"featured_media":0,"parent":0,"menu_order":0,"comment_status":"closed","ping_status":"closed","template":"template-noright.php","meta":[],"_links":{"self":[{"href":"https:\/\/ilkweb.bilkent.edu.tr\/index.php\/wp-json\/wp\/v2\/pages\/19"}],"collection":[{"href":"https:\/\/ilkweb.bilkent.edu.tr\/index.php\/wp-json\/wp\/v2\/pages"}],"about":[{"href":"https:\/\/ilkweb.bilkent.edu.tr\/index.php\/wp-json\/wp\/v2\/types\/page"}],"author":[{"embeddable":true,"href":"https:\/\/ilkweb.bilkent.edu.tr\/index.php\/wp-json\/wp\/v2\/users\/1"}],"replies":[{"embeddable":true,"href":"https:\/\/ilkweb.bilkent.edu.tr\/index.php\/wp-json\/wp\/v2\/comments?post=19"}],"version-history":[{"count":8,"href":"https:\/\/ilkweb.bilkent.edu.tr\/index.php\/wp-json\/wp\/v2\/pages\/19\/revisions"}],"predecessor-version":[{"id":624,"href":"https:\/\/ilkweb.bilkent.edu.tr\/index.php\/wp-json\/wp\/v2\/pages\/19\/revisions\/624"}],"wp:attachment":[{"href":"https:\/\/ilkweb.bilkent.edu.tr\/index.php\/wp-json\/wp\/v2\/media?parent=19"}],"curies":[{"name":"wp","href":"https:\/\/api.w.org\/{rel}","templated":true}]}}