{"id":132,"date":"2025-01-11T08:08:05","date_gmt":"2025-01-11T08:08:05","guid":{"rendered":"https:\/\/ilkweb.bilkent.edu.tr\/?page_id=132"},"modified":"2026-02-13T13:16:31","modified_gmt":"2026-02-13T13:16:31","slug":"ogrenci-basvurulari","status":"publish","type":"page","link":"https:\/\/ilkweb.bilkent.edu.tr\/index.php\/ogrenci-basvurulari\/","title":{"rendered":"\u00d6\u011frenci Ba\u015fvurular\u0131"},"content":{"rendered":"<p>2026-2027 E\u011fitim \u00d6\u011fretim y\u0131l\u0131 i\u00e7in okul\u00f6ncesi ba\u015fvurular\u0131m\u0131z sona ermi\u015ftir, ilginize te\u015fekk\u00fcr ederiz.<\/p>\n<p><!-- 2026-2027 E\u011fitim \u00d6\u011fretim y\u0131l\u0131 ba\u015fvuru bilgilendirme i\u00e7in <a href=\"https:\/\/obi.bilkent.edu.tr\/formlar\/basvuru2627.pdf\" target=\"_blank\" rel=\"noopener\">t\u0131klay\u0131n\u0131z.<\/a>\n-->\u00d6\u011frenci kabul kriterleri i\u00e7in <a href=\"https:\/\/obi.bilkent.edu.tr\/formlar\/OgrenciKabulKriterleri.pdf\" target=\"_blank\" rel=\"noopener\">t\u0131klay\u0131n\u0131z.<\/a><\/p>\n","protected":false},"excerpt":{"rendered":"<p>2026-2027 E\u011fitim \u00d6\u011fretim y\u0131l\u0131 i\u00e7in okul\u00f6ncesi ba\u015fvurular\u0131m\u0131z sona ermi\u015ftir, ilginize te\u015fekk\u00fcr ederiz. \u00d6\u011frenci kabul kriterleri i\u00e7in t\u0131klay\u0131n\u0131z.<\/p>\n","protected":false},"author":1,"featured_media":0,"parent":0,"menu_order":0,"comment_status":"closed","ping_status":"closed","template":"","meta":[],"_links":{"self":[{"href":"https:\/\/ilkweb.bilkent.edu.tr\/index.php\/wp-json\/wp\/v2\/pages\/132"}],"collection":[{"href":"https:\/\/ilkweb.bilkent.edu.tr\/index.php\/wp-json\/wp\/v2\/pages"}],"about":[{"href":"https:\/\/ilkweb.bilkent.edu.tr\/index.php\/wp-json\/wp\/v2\/types\/page"}],"author":[{"embeddable":true,"href":"https:\/\/ilkweb.bilkent.edu.tr\/index.php\/wp-json\/wp\/v2\/users\/1"}],"replies":[{"embeddable":true,"href":"https:\/\/ilkweb.bilkent.edu.tr\/index.php\/wp-json\/wp\/v2\/comments?post=132"}],"version-history":[{"count":5,"href":"https:\/\/ilkweb.bilkent.edu.tr\/index.php\/wp-json\/wp\/v2\/pages\/132\/revisions"}],"predecessor-version":[{"id":630,"href":"https:\/\/ilkweb.bilkent.edu.tr\/index.php\/wp-json\/wp\/v2\/pages\/132\/revisions\/630"}],"wp:attachment":[{"href":"https:\/\/ilkweb.bilkent.edu.tr\/index.php\/wp-json\/wp\/v2\/media?parent=132"}],"curies":[{"name":"wp","href":"https:\/\/api.w.org\/{rel}","templated":true}]}}