{"id":109,"date":"2023-07-08T09:41:17","date_gmt":"2023-07-08T09:41:17","guid":{"rendered":"https:\/\/ilkweb.bilkent.edu.tr\/?page_id=109"},"modified":"2025-01-21T11:59:06","modified_gmt":"2025-01-21T11:59:06","slug":"ders-saatleri","status":"publish","type":"page","link":"https:\/\/ilkweb.bilkent.edu.tr\/index.php\/ders-saatleri\/","title":{"rendered":"Ders Saatleri"},"content":{"rendered":"<p><!--<img decoding=\"async\" loading=\"lazy\" class=\"aligncenter size-full wp-image-886\" src=\"https:\/\/ilkweb.bilkent.edu.tr\/wp-content\/uploads\/2017\/10\/yakinda.png\" alt=\"\" width=\"593\" height=\"166\" \/>--><br \/>\nZaman \u00c7izelgemiz i\u00e7in l\u00fctfen <a href=\"..\/..\/forms\/ilksaat.pdf\" target=\"_blank\" rel=\"noopener\">TIKLAYINIZ.<\/a><\/p>\n","protected":false},"excerpt":{"rendered":"<p>Zaman \u00c7izelgemiz i\u00e7in l\u00fctfen TIKLAYINIZ.<\/p>\n","protected":false},"author":1,"featured_media":0,"parent":0,"menu_order":0,"comment_status":"closed","ping_status":"closed","template":"","meta":[],"_links":{"self":[{"href":"https:\/\/ilkweb.bilkent.edu.tr\/index.php\/wp-json\/wp\/v2\/pages\/109"}],"collection":[{"href":"https:\/\/ilkweb.bilkent.edu.tr\/index.php\/wp-json\/wp\/v2\/pages"}],"about":[{"href":"https:\/\/ilkweb.bilkent.edu.tr\/index.php\/wp-json\/wp\/v2\/types\/page"}],"author":[{"embeddable":true,"href":"https:\/\/ilkweb.bilkent.edu.tr\/index.php\/wp-json\/wp\/v2\/users\/1"}],"replies":[{"embeddable":true,"href":"https:\/\/ilkweb.bilkent.edu.tr\/index.php\/wp-json\/wp\/v2\/comments?post=109"}],"version-history":[{"count":2,"href":"https:\/\/ilkweb.bilkent.edu.tr\/index.php\/wp-json\/wp\/v2\/pages\/109\/revisions"}],"predecessor-version":[{"id":231,"href":"https:\/\/ilkweb.bilkent.edu.tr\/index.php\/wp-json\/wp\/v2\/pages\/109\/revisions\/231"}],"wp:attachment":[{"href":"https:\/\/ilkweb.bilkent.edu.tr\/index.php\/wp-json\/wp\/v2\/media?parent=109"}],"curies":[{"name":"wp","href":"https:\/\/api.w.org\/{rel}","templated":true}]}}